{"id":2254,"date":"2022-03-17T12:00:31","date_gmt":"2022-03-17T17:00:31","guid":{"rendered":"http:\/\/emovim-ep.gob.ec\/?page_id=2254"},"modified":"2022-05-30T08:57:05","modified_gmt":"2022-05-30T13:57:05","slug":"rendicion-de-cuentas-2021","status":"publish","type":"page","link":"https:\/\/www.act.gob.ec\/index.php\/rendicion-de-cuentas-2021\/","title":{"rendered":"Rendici\u00f3n de cuentas 2021"},"content":{"rendered":"<div id=\"fb-root\"><\/div>\n<p>Fase 1<\/p>\n<ul>\n<li><a href=\"https:\/\/drive.google.com\/file\/d\/1WdahDxlBlTL_OEQw5hBza5teDhp5q-LA\/view?usp=sharing\">Conformaci\u00f3n del equipo de Rendici\u00f3n de Cuentas<\/a>.<\/li>\n<li>Documentos p\u00fablicos para el proceso de Rendici\u00f3n de Cuentas.\n<ul>\n<li><a href=\"https:\/\/drive.google.com\/file\/d\/1X6AIJTbfBBwJ6aln8eEjL2AfXEPpD38U\/view?usp=sharing\">POA Institucional<\/a>.<\/li>\n<li><a href=\"https:\/\/drive.google.com\/file\/d\/16dlxK55Kxx5_d-jumIdmBicmwV3DjBQg\/view?usp=sharing\">Plan de Desarrollo y Ordenamiento Institucional.<\/a><\/li>\n<li><a href=\"https:\/\/drive.google.com\/file\/d\/1xi75TlVHhYGgRIVthHN73NLvQvK1ti9a\/view?usp=sharing\">Presupuesto Institucional.<\/a><\/li>\n<li><a href=\"https:\/\/drive.google.com\/file\/d\/1WFSawrczt2sLc36vMt4aCuGhbnO_qfJ9\/view?usp=sharing\">Certificado de Cumplimiento Tributario<\/a>.<\/li>\n<li><a href=\"https:\/\/drive.google.com\/file\/d\/15AKBYFYSDtps0W1GG9OlUKQY6UIfSpw2\/view?usp=sharing\">Certificado de obligaciones patronales.<\/a><\/li>\n<\/ul>\n<\/li>\n<li><a href=\"https:\/\/drive.google.com\/file\/d\/1Uqxt7l_6Sow_v2x0HvnFlFKqP-cWht5x\/view?usp=sharing\">Env\u00edo a la ciudadan\u00eda sobre el proceso de Rendici\u00f3n de Cuentas.<\/a><\/li>\n<li><a href=\"https:\/\/drive.google.com\/file\/d\/1NMYaVcWXDWNhjfFhIiMr-HQMPA-kwai4\/view?usp=sharing\">Temas solicitados por la Ciudadan\u00eda sobre el proceso de Rendici\u00f3n de Cuentas.<\/a><\/li>\n<\/ul>\n<p>Fase 2<\/p>\n<ul>\n<li><a href=\"https:\/\/drive.google.com\/file\/d\/1n-jk-6Osx86loMbu9mieakt20Qk3oc-g\/view?usp=sharing\">Temas respondidos a la Ciudadan\u00eda.<\/a><\/li>\n<li>Llenado del Formulario del Informe de Rendici\u00f3n de Cuentas establecido por el CPCCS<\/li>\n<li><a href=\"https:\/\/drive.google.com\/file\/d\/1-XtGaLd-so1gXtaqg9dS6kW4Ff0iaA9S\/view?usp=sharing\">Redacci\u00f3n del Informe de Rendici\u00f3n de Cuentas.<\/a><\/li>\n<li><a href=\"https:\/\/drive.google.com\/file\/d\/1Fu-EIuWizlwDkcmsVMmutJyY_1pcvD4o\/view?usp=sharing\">Aprobaci\u00f3n del Informe de Rendici\u00f3n de Cuentas.<\/a><\/li>\n<\/ul>\n<p>Fase 3<\/p>\n<ul>\n<li><a href=\"https:\/\/drive.google.com\/file\/d\/1MLydSWFqk4ofivjYsBhTJWMG0DVCjZew\/view?usp=sharing\">Difusi\u00f3n del Informe de Rendici\u00f3n de Cuentas a trav\u00e9s de distintos medios<\/a><\/li>\n<li><a href=\"https:\/\/drive.google.com\/file\/d\/1dW4miobzsqCzbw8xW8nELfxhnyoHydID\/view?usp=sharing\">Planificaci\u00f3n del evento participativo<\/a><\/li>\n<li><a href=\"https:\/\/fb.watch\/d3syq8VQg0\/\">Realizaci\u00f3n del evento de Rendici\u00f3n de Cuentas<\/a><\/li>\n<li>Incorporaci\u00f3n de los aportes ciudadanos en el Informe de Rendici\u00f3n de Cuentas<\/li>\n<\/ul>\n<p>Fase 4<\/p>\n<ul>\n<li><a href=\"https:\/\/drive.google.com\/file\/d\/1xFKeF-x9HgQck41TKbmarGk90IW8qrge\/view?usp=sharing\">Entrega del informe de Rendici\u00f3n de Cuentas al CPCCS, a trav\u00e9s del ingreso del Informe en el sistema<\/a><\/li>\n<\/ul>\n","protected":false},"excerpt":{"rendered":"<p>Fase 1 Conformaci\u00f3n del equipo de Rendici\u00f3n de Cuentas. Documentos p\u00fablicos para el proceso de Rendici\u00f3n de Cuentas. POA Institucional. Plan de Desarrollo y Ordenamiento Institucional. Presupuesto Institucional. Certificado de Cumplimiento Tributario. Certificado de obligaciones patronales. Env\u00edo a la ciudadan\u00eda sobre el proceso de Rendici\u00f3n de Cuentas. Temas solicitados por la Ciudadan\u00eda sobre el proceso&#8230; <\/p>\n","protected":false},"author":1,"featured_media":0,"parent":0,"menu_order":0,"comment_status":"closed","ping_status":"closed","template":"","meta":{"_joinchat":[],"footnotes":""},"class_list":["post-2254","page","type-page","status-publish","hentry"],"jetpack_sharing_enabled":true,"_links":{"self":[{"href":"https:\/\/www.act.gob.ec\/index.php\/wp-json\/wp\/v2\/pages\/2254","targetHints":{"allow":["GET"]}}],"collection":[{"href":"https:\/\/www.act.gob.ec\/index.php\/wp-json\/wp\/v2\/pages"}],"about":[{"href":"https:\/\/www.act.gob.ec\/index.php\/wp-json\/wp\/v2\/types\/page"}],"author":[{"embeddable":true,"href":"https:\/\/www.act.gob.ec\/index.php\/wp-json\/wp\/v2\/users\/1"}],"replies":[{"embeddable":true,"href":"https:\/\/www.act.gob.ec\/index.php\/wp-json\/wp\/v2\/comments?post=2254"}],"version-history":[{"count":11,"href":"https:\/\/www.act.gob.ec\/index.php\/wp-json\/wp\/v2\/pages\/2254\/revisions"}],"predecessor-version":[{"id":2273,"href":"https:\/\/www.act.gob.ec\/index.php\/wp-json\/wp\/v2\/pages\/2254\/revisions\/2273"}],"wp:attachment":[{"href":"https:\/\/www.act.gob.ec\/index.php\/wp-json\/wp\/v2\/media?parent=2254"}],"curies":[{"name":"wp","href":"https:\/\/api.w.org\/{rel}","templated":true}]}}